0 and 172?
4
Calculate the greatest common divisor of 440 and 6512.
88
What is the highest common divisor of 221 and 69241?
17
What is the greatest common factor of 239872 and 256?
256
What is the highest common factor of 7165 and 55?
5
What is the greatest common divisor of 12122 and 38874?
418
What is the greatest common divisor of 5592 and 72?
24
Calculate the highest common divisor of 27136 and 112.
16
Calculate the highest common divisor of 199 and 1513196.
199
Calculate the highest common factor of 411 and 2004858.
411
Calculate the highest common factor of 305 and 136823.
61
Calculate the highest common factor of 747 and 89046.
9
Calculate the highest common factor of 1892577 and 159.
159
Calculate the greatest common factor of 15 and 17845.
5
Calculate the highest common factor of 500 and 48540.
20
What is the highest common factor of 174 and 151757?
29
What is the greatest common factor of 13398 and 602?
14
Calculate the highest common divisor of 405 and 976590.
135
Calculate the greatest common divisor of 162 and 1143.
9
What is the highest common factor of 745604 and 212?
212
Calculate the highest common factor of 108381 and 18659.
397
What is the greatest common divisor of 36 and 53226?
18
Calculate the greatest common factor of 1137472 and 154.
14
What is the greatest common divisor of 322 and 1232?
14
Calculate the greatest common divisor of 13122 and 25488.
54
What is the greatest common factor of 139158 and 972?
162
Calculate the greatest common factor of 894754 and 23226.
1106
Calculate the highest common divisor of 8902 and 14.
2
What is the greatest common factor of 786 and 11634?
6
What is the highest common factor of 46003 and 1028?
257
Calculate the greatest common factor of 3009 and 187.
17
What is the greatest common divisor of 7047 and 4089?
87
Calculate the greatest common factor of 20650 and 350.
350
Calculate the highest common factor of 803 and 2263.
73
What is the greatest common divisor of 52590 and 595?
5
What is the greatest common divisor of 49664 and 18944?
512
Calculate the greatest common factor of 464 and 3472.
16
Calculate the greatest common divisor of 15 and 71727.
3
What is the greatest common divisor of 2493579 and 779?
779
Calculate the highest common factor of 16077 and 14559.
69
Calculate the highest common factor of 240 and 92370.
30
What is the highest common divisor of 106 and 546218?
106
Calculate the highest common divisor of 1025 and 146325.
25
Calculate the greatest common factor of 3103 and 5671.
107
What is the greatest common divisor of 27135 and 567?
81
What is the highest common factor of 14525 and 28469?
581
What is the highest common factor of 154 and 870518?
22
What is the greatest common divisor of 3780 and 399924?
756
What is the greatest common divisor of 27408 and 384?
48
What is the greatest common divisor of 1538304 and 8?
8
Calculate the greatest common divisor of 97 and 1739113.
97
Calculate the greatest common factor of 37920 and 1904.
16
Calculate the greatest common factor of 208 and 1464476.
52
Calculate the highest common factor of 3813405 and 1110.
555
Calculate the greatest common factor of 166 and 465298.
166
What is the highest common divisor of 178 and 439927?
89
What is the highest common factor of 344932 and 8924?
388
What is the highest common factor of 14 and 22558?
2
Calculate the highest common divisor of 5924776 and 208.
104
What is the highest common factor of 3030 and 45?
15
Calculate the highest common factor of 187061 and 21.
7
Calculate the highest common divisor of 42 and 768586.
14
Calculate the highest common divisor of 1387 and 13724.
73
What is the highest common divisor of 21264 and 528?
48
Calculate the highest common divisor of 3584 and 21392.
112
What is the greatest common divisor of 27789 and 8007?
471
What is the highest common factor of 67513 and 1492?
373
What is the greatest common divisor of 11880 and 16720?
440
What is the highest common factor of 225 and 231975?
225
What is the highest common factor of 324 and 1225449?
81
What is the greatest common divisor of 231 and 145068?
231
Calculate the highest common factor of 5 and 9235.
5
What is the greatest common factor of 22 and 39512?
22
Calculate the highest common divisor of 702 and 106002.
702
Calculate the greatest common divisor of 892 and 6500.
4
What is the greatest common factor of 4564912 and 11?
11
What is the greatest common factor of 16 and 1450?
2
What is the greatest common factor of 460 and 92280?
20
What is the greatest common divisor of 416102 and 518?
74
What is the highest common factor of 91910 and 5642?
182
Calculate the greatest common factor of 47306 and 7.
7
Calculate the greatest common factor of 408 and 2729724.
204
What is the greatest common factor of 26369 and 371?
7
Calculate the highest common divisor of 1016210 and 390.
130
Calculate the greatest common divisor of 303 and 1488.
3
Calculate the highest common divisor of 756 and 93.
3
What is the greatest common divisor of 375958 and 2530?
506
Calculate the highest common factor of 2069064 and 1736.
248
Calculate the highest common factor of 2 and 33636.
2
Calculate the highest common factor of 3281 and 30.
1
What is the greatest common factor of 501 and 467099?
167
What is the greatest common divisor of 20637 and 81?
9
What is the greatest common factor of 814 and 1358566?
814
What is the highest common factor of 2256 and 6345?
141
Calculate the highest common divisor of 11 and 319099.
11
Calculate the highest common divisor of 2440242 and 4887.
1629
Calculate the greatest common divisor of 26433 and 66.
33
What is the highest common factor of 992790 and 54?
54
Calculate the highest common divisor of 226321 and 34.
17
What is the highest common divisor of 7 and 2233?
7
What is the highest common factor of 160 and 118540?
20
Calculate the highest common divisor of 4 and 13610.
2
Calculate the greatest common divisor of 13 and 1718977.
13
Calculate the greatest common divisor of 640 and 80480.
160
What is the highest common factor of 60770 and 10030?
590
What is the greatest common divisor of 596 and 13731244?
596
Calculate the highest common divisor of 47664 and 144.
144
Calculate the greatest common divisor of 50 and 8230.
10
What is the highest common factor of 306135 and 225?
45
Calculate the greatest common divisor of 396 and 21312.
36
What is the greatest common divisor of 10518 and 204?
6
What is the highest common factor of 10155 and 195?
15
What is the highest common factor of 1697443 and 55?
11
What is the highest common factor of 600 and 48150?
150
What is the highest common factor of 144 and 47124?
36
What is the greatest common factor of 151633 and 2968?
53
Calculate the highest common factor of 10 and 788770.
10
What is the highest common divisor of 21650 and 13856?
866
What is the greatest common divisor of 84 and 7294?
14
Calculate the highest common factor of 709993 and 341.
31
What is the highest common divisor of 303176 and 4?
4
Calculate the greatest common divisor of 5 and 2083.
1
Calculate the highest common factor of 7697988 and 12.
12
Calculate the greatest common divisor of 933 and 21770.
311
Calculate the greatest common factor of 6 and 981822.
6
Calculate the highest common factor of 66308 and 726.
242
Calculate the greatest common factor of 67 and 1855967.
67
Calculate the greatest common factor of 1332 and 354.
6
Calculate the highest common divisor of 84703 and 355.
71
What is the greatest common factor of 38808 and 8484?
84
Calculate the highest common divisor of 385165 and 376.
47
Calculate the highest common divisor of 144 and 196488.
72
What is the greatest common factor of 2976 and 64?
32
What is the highest common factor of 117 and 190879?
13
What is the highest common factor of 615924 and 24?
12
What is the greatest common factor of 423 and 1101257?
47
What is the highest common factor of 13 and 72748?
13
What is the greatest common divisor of 179751 and 117?
39
Calculate the highest common factor of 42 and 84406.
14
What is the greatest common divisor of 647560 and 40?
40
Calculate the highest common factor of 220 and 16368.
44
Calculate the highest common divisor of 3294 and 1342.
122
What is the highest common factor of 31 and 10819?
31
What is the greatest common f